rue
Is 33329101 a composite number?
True
Is 30553801 prime?
True
Is 6642613 a prime number?
True
Is 43120763 a composite number?
True
Is 816537 prime?
False
Is 24756279 composite?
True
Is 48803278 prime?
False
Is 10448359 prime?
True
Is 686286121 a composite number?
True
Is 55148333 a prime number?
False
Is 1848841 a composite number?
False
Is 70670711 a composite number?
False
Is 10908529 prime?
True
Is 1080509 composite?
True
Is 1667377 composite?
True
Is 3482827 prime?
False
Is 3296929 prime?
False
Is 11261113 a prime number?
True
Is 7994867 a composite number?
False
Is 15488497 composite?
False
Is 2253389 a prime number?
True
Is 83480641 prime?
False
Is 714617 a prime number?
False
Is 2238749 prime?
True
Is 229204601 a prime number?
True
Is 223814923 composite?
False
Is 4642189 composite?
True
Is 112060433 a prime number?
True
Is 7161873 a composite number?
True
Is 349692065 composite?
True
Is 22969343 prime?
True
Is 8442559 composite?
False
Is 1647761 composite?
False
Is 339587669 composite?
True
Is 1115189 a prime number?
True
Is 1257503 a prime number?
False
Is 6606877 composite?
False
Is 19369541 a composite number?
False
Is 386887 a composite number?
False
Is 1342871 prime?
True
Is 227800123 a prime number?
True
Is 101610931 prime?
False
Is 41510701 composite?
False
Is 5336629 composite?
False
Is 21433969 a composite number?
True
Is 3224721 a composite number?
True
Is 8619461 composite?
False
Is 953141 a composite number?
True
Is 861827 a composite number?
True
Is 66075683 a prime number?
False
Is 6386819 a composite number?
False
Is 846529 a prime number?
True
Is 136804301 prime?
True
Is 517679 composite?
True
Is 355346287 a composite number?
False
Is 3710087 prime?
False
Is 7713539 a prime number?
True
Is 33832543 prime?
False
Is 161619014 a composite number?
True
Is 12591399 a prime number?
False
Is 33837821 composite?
False
Is 3163267 prime?
False
Is 1017277 composite?
False
Is 22903534 prime?
False
Is 2143793 a composite number?
False
Is 36441397 a prime number?
True
Is 868802699 prime?
True
Is 397026731 a prime number?
True
Is 13064683 a prime number?
True
Is 1442377 a composite number?
False
Is 32375957 a prime number?
True
Is 8993791 a composite number?
False
Is 16803058 prime?
False
Is 549225631 a prime number?
False
Is 863149 composite?
True
Is 5516029 prime?
True
Is 73720643 a composite number?
True
Is 1333054 a prime number?
False
Is 13234615 prime?
False
Is 1306141 prime?
False
Is 510707 a composite number?
False
Is 249005119 composite?
True
Is 15767183 a composite number?
True
Is 335429 composite?
False
Is 977971 composite?
False
Is 6595427 a prime number?
False
Is 619247 prime?
True
Is 5204695 composite?
True
Is 830627 a composite number?
True
Is 6504985 a composite number?
True
Is 20171309 composite?
True
Is 67568303 composite?
True
Is 9087839 a prime number?
True
Is 39411343 composite?
True
Is 10166395 prime?
False
Is 9271333 a prime number?
False
Is 10942853 a prime number?
True
Is 229731377 a prime number?
True
Is 3319157 prime?
True
Is 12503933 a prime number?
False
Is 4278931 a prime number?
True
Is 29355329 composite?
True
Is 471965503 a composite number?
False
Is 1281469 a composite number?
True
Is 1569553886 composite?
True
Is 44021909 composite?
True
Is 75320257 composite?
True
Is 354115199 composite?
True
Is 45691531 a composite number?
True
Is 4233109 a composite number?
False
Is 1265272369 a composite number?
True
Is 2150021 composite?
True
Is 423977 composite?
False
Is 251707954 composite?
True
Is 598966246 a composite number?
True
Is 67617997 a composite number?
False
Is 142106331 a composite number?
True
Is 252045377 a composite number?
True
Is 53935457 a prime number?
False
Is 105751489 a prime number?
True
Is 137332687 composite?
False
Is 8788799 a prime number?
True
Is 50086643 a composite number?
True
Is 66860921 a prime number?
False
Is 46698499 a prime number?
True
Is 58408241 a composite number?
False
Is 555341 a prime number?
False
Is 29436931 a prime number?
True
Is 1408493 composite?
False
Is 14523793 a composite number?
False
Is 24366463 a prime number?
False
Is 6068026 a composite number?
True
Is 6790397 composite?
True
Is 10329701 prime?
False
Is 85248413 prime?
False
Is 55406777 a composite number?
False
Is 9209741 a composite number?
True
Is 76068878 composite?
True
Is 6247385 composite?
True
Is 772061 a composite number?
False
Is 18225907 a composite number?
True
Is 322427 prime?
False
Is 742193 a composite number?
False
Is 755113 prime?
False
Is 7177327 a composite number?
False
Is 15613529 composite?
False
Is 25780529 a prime number?
True
Is 214154189 a composite number?
False
Is 393896683 composite?
True
Is 319637 a composite number?
True
Is 2915663 a composite number?
False
Is 8780711 a prime number?
True
Is 126579829 a composite number?
False
Is 83143289 prime?
False
Is 7770107 a prime number?
False
Is 4845367 a prime number?
True
Is 73247677 composite?
False
Is 8705959 a prime number?
True
Is 2280101 a prime number?
False
Is 673979 a composite number?
False
Is 14019481 a prime number?
False
Is 341111 a prime number?
False
Is 3446461 a composite number?
True
Is 8385803 prime?
True
Is 411472637 composite?
True
Is 7558273 prime?
False
Is 115746205 composite?
True
Is 429827 prime?
True
Is 1323829 prime?
False
Is 67397489 a composite number?
False
Is 275174 prime?
False
Is 784262 a prime number?
False
Is 100941563 a prime number?
False
Is 331543 a prime number?
True
Is 3022093 a composite number?
True
Is 150303 a prime number?
False
Is 374946427 composite?
False
Is 4593283 prime?
True
Is 173679377 prime?
True
Is 8323151 composite?
False
Is 8118439 a prime number?
False
Is 73311779 prime?
False
Is 9696653 a composite number?
True
Is 21471587 a composite number?
True
Is 8183071 a composite number?
True
Is 58636343 a composite number?
False
Is 257058149 composite?
False
Is 1984537 a prime number?
True
Is 50972189 a composite number?
False
Is 70296361 composite?
False
Is 136769 a composite number?
False
Is 18954451 a composite number?
False
Is 378127 prime?
True
Is 16777381 prime?
True
Is 385117067 a prime number?
True
Is 1742017 a prime number?
True
Is 291113087 composite?
True
Is 448769 prime?
True
Is 454532889 composite?
True
Is 2302441 a prime number?
True
Is 397724779 prime?
True
Is 14360179 a prime number?
True
Is 126378773 a prime number?
True
Is 328065391 composite?
False
Is 2093963 a composite number?
True
Is 99521 prime?
False
Is 1617689 composite?
False
Is 2780243 composite?
False
Is 11205335 composite?
True
Is 47033201 a composite number?
False
Is 698673 a prime number?
False
Is 35647649 prime?
True
Is 3520579 a prime number?
True
Is 180670901 a prime number?
True
Is 14213981 prime?
True
Is 137065193 a composite number?
False
Is 2136877 a composite number?
False
Is 2615035 a prime number?
False
Is 26753987 a composite number?
True
Is 103964365 a composite number?
True
Is 40692277 a prime number?
False
Is 68768663 prime?
True
Is 689217 a composite number?
True
Is 290923 composite?
False
Is 56023691 prime?
True
Is 25859 a prime number?
False
Is 1323427 a prime number?
False
Is 1924409 a prime number?
True
Is 303686561 a composite number?
False
Is 9001781 a composite number?
False
Is 27239171 a prime number?
True
Is 4291039 prime?
False
Is 9763757 composite?
False
Is 76837529 a composite number?
True
Is 50471501 a composite number?
True
Is 46276729 a composite number?
True
Is 341041 prime?
True
Is 35755603 a composite number?
True
Is 4239877 a composite number?
False
Is 46381 composite?
False
Is 179821289 composite?
False
Is 74335753 composite?
False
Is 257154727 prime?
True
Is 22785109 a composite number?
False
Is 27524191 composite?
False
Is 33608423 a composite number?
False
Is 254069 composite?
True
Is 73771943 prime?
False
Is 22542157 composite?
True
Is 8715523 prime?
True
Is 716423 composite?
True
Is 6390889 prime?
False
Is 195171763 a prime number?
True
Is 349753 a prime number?
True
Is 117567831 a composite number?
True
Is 5320657 prime?
True
Is 473027 a composite number?
False
Is 31064741 composite?
False
Is 3639041 composite?
True
Is 1444129 a prime number?
False
Is 28755698 a prime number?
False
Is 1164937 a prime number?
True
Is 732234053 a composite number?
False
I